2
Suppose 3*k = 8 + 1. What is the units digit of (-2 - 8/(-3))*k?
2
Let y be 6/4*40/15. Suppose -3*p + 2*m = 7*m - y, -p + 5*m + 8 = 0. What is the units digit of p?
3
Suppose 0 = -3*v + 2 + 4, v = 4*o - 30. Suppose -m - o = -5*m. Suppose -m*n = -5*z + 3*n + 60, 2*n = 4*z - 38. What is the units digit of z?
7
Suppose 0 = -5*n + 47 + 13. Let u = n - 3. What is the units digit of u?
9
What is the tens digit of 4/(-6)*(-8 - 70)?
5
Let t(j) = 24*j**3 - j + 1. What is the units digit of t(1)?
4
Let k = 922 + -531. What is the tens digit of k?
9
Suppose -2*v = -6 - 2. Let b be ((-10)/(-3))/((-3)/(-18)). Suppose -b = -v*n + 12. What is the units digit of n?
8
Let a = -3 - -3. Let q(t) = t**2 + a*t**2 + 0*t + 0*t - 1. What is the units digit of q(-2)?
3
Suppose 0 = 3*k + 2*p - 933, -3*k + 5*p + 830 = -82. What is the units digit of k?
9
Let o(h) = 18*h**2 - h - 1. What is the units digit of o(-1)?
8
Let z = 13 - -1. What is the units digit of z?
4
Let x(a) = -a - 1. Let z be x(-4). Let g be 16/(z*(-3)/(-9)). Let o = g - 10. What is the units digit of o?
6
Let t be 13/11 + (-14)/77. Suppose 11 = 2*m + 1. Suppose 0 = -m*i + t + 4. What is the units digit of i?
1
Let m be ((-20)/15)/((-1)/3). What is the tens digit of 7/14 - (-86)/m?
2
Let y = -13 - -15. Suppose y*z - 47 = 19. What is the tens digit of z?
3
Suppose -15 = 2*n + 3*n. Suppose 2 = -3*q - 1. What is the units digit of 15 + (1 - n) + q?
8
Suppose 11*z = 12*z - 340. What is the tens digit of z?
4
Let r be (-2)/(2 - 4) - 9. Let a(u) = 2*u + 4. Let d(t) = -t + 1. Let l(y) = -2*a(y) - 2*d(y). What is the units digit of l(r)?
6
Suppose t = 2*a + a + 4, -a - 2*t = 13. What is the tens digit of a/(9/6) + 28?
2
Let y be (((-6)/2)/(-3))/1. Suppose y + 7 = 4*n. What is the units digit of n?
2
Let j = 36 + -22. What is the tens digit of (-1 - -1) + j + 2?
1
What is the hundreds digit of (4/18*3)/(6/1719)?
1
What is the tens digit of (1062/8)/1 + (-5)/(-20)?
3
Let w = -15 + 4. What is the units digit of (-5 - w)/((-4)/(-18))?
7
Let a(h) = -h**3 + 10*h**2 + 11*h - 4. What is the units digit of a(10)?
6
Let q(p) = p**3 + p**2 + 2*p + 14. Let n be q(0). Suppose -9 = -4*g + 3*g - 3*i, 14 = 2*g + 4*i. Let f = n - g. What is the tens digit of f?
1
Suppose -4*j + 8 = -2*x, -3*x - 3 = -2*j - j. Let b be 34*(2 + 1 + -2). Suppose b = 5*l - 3*c, -j*l + 0*c - 3*c + 6 = 0. What is the units digit of l?
5
Suppose -5*l = -4*l + 1, -2149 = -5*v - l. What is the tens digit of v?
3
Let n = -69 + 129. Suppose 0*q + n = 3*q. Suppose 0 = -6*i + i + q. What is the units digit of i?
4
Let v(j) = -j**3 + 5*j**2 - 3*j + 2. Let r = 41 - 21. Suppose -4*p = p - r. What is the units digit of v(p)?
6
Suppose -2*r - 52 = -3*r. What is the units digit of r?
2
Let c = 27 + -6. What is the units digit of c?
1
Let d(s) = 0*s - 3*s + s + 3*s. Let c be d(5). Suppose 0 = c*x - x - 60. What is the units digit of x?
5
Suppose b - 53 = 5*d + 41, -321 = -3*b + 2*d. What is the units digit of b?
9
Let p(n) = -2*n**3 - n**2 + n. Let z be p(1). What is the units digit of 192/33 - z/11?
6
Let q = 10 + -6. What is the tens digit of (-4064)/(-120) + q/30?
3
Let u(s) = s**2 + s + 2. Let c = 3 - 5. What is the units digit of u(c)?
4
Suppose 0 = -s + 4*s - 585. What is the units digit of s?
5
Let m(l) = l**3 + l**2 + l - 1. Let o be m(1). Suppose 4*c - o*c - 6 = 0. What is the units digit of c?
3
Suppose -4*r + 4*p + 20 = 0, r - 3*p = 5*r - 27. Let h(z) = 3*z. What is the units digit of h(r)?
8
Suppose 0 = -2*u - 3 + 7, 4*o = 4*u + 64. What is the tens digit of o?
1
Let s = 68 - 63. What is the units digit of s?
5
Let d(i) = -i**2 - 9*i - 2. Suppose -2*j + 11 = -37. Suppose 0 = -5*g - x - j, -4*g - 3*x - 22 = g. What is the units digit of d(g)?
8
Let f be 22/(-4) + (-1)/(-2). Let n(i) = i**3 + 4*i**2 - 3*i + 6. Let j be n(f). Let y = 8 - j. What is the units digit of y?
2
What is the hundreds digit of (((-360)/14)/1)/(69/(-966))?
3
Let f(q) = 13*q**2 - q. Suppose -5*w - x + 5 = 0, x + 1 - 6 = w. Suppose -4*h + 13 + w = 5*b, 5*h = 4*b + 6. What is the units digit of f(b)?
2
Suppose -2*w + 6 = -3*h - h, 0 = 5*w - h - 42. Suppose 2*s - w = -1. Let p = s + -2. What is the units digit of p?
2
What is the units digit of 42/8 + (-3)/12?
5
Suppose 2*d = 3*s + 179, -2*d - s + 161 = -38. What is the units digit of d?
7
Suppose 0 = -5*u + 2*l - 4*l + 10, 5*u + 5*l + 5 = 0. Suppose 5*g - u*w - 80 = 0, 4*g + 0*g + w - 85 = 0. What is the units digit of g?
0
Let f(o) = -o**3 - 12*o**2 + 12*o. What is the tens digit of f(-13)?
1
Let l(c) = -c**2 - 10*c - 5. Let r be l(-7). Let f = r - -3. What is the units digit of f?
9
Let z(i) = -i**3 + 4*i**2 + 4. Suppose -9 = -9*c + 6*c. What is the units digit of z(c)?
3
Let a(c) = 53*c - 1. What is the tens digit of a(2)?
0
Suppose 0 = y - 3*p + 25, -p - 55 = 2*y - 12. Let v be 4/y - 134/(-11). Suppose 4*k - 5*k = -4*g + v, -g - 3*k - 10 = 0. What is the units digit of g?
2
Suppose -n + 0*n = -5*w + 52, -3*n + 31 = 2*w. Let k = w + -3. What is the units digit of k?
8
Suppose -5*l - 2 = -3*l, -2*l + 235 = 3*u. What is the tens digit of u?
7
Let j = 24 + 5. What is the tens digit of j?
2
Let n = 4 - 8. Let g be n/(-1 + (-3)/(-4)). Suppose 3*s + g = 5*s. What is the units digit of s?
8
Suppose 4*g + 2*c = 7*c + 958, g + 2*c = 233. What is the tens digit of g?
3
What is the tens digit of 37*((-17)/(-3) + 10/30)?
2
Suppose 3*i - 7 - 8 = 0. Suppose -i*z + 52 = -z. What is the tens digit of z?
1
Let n = 91 - 54. What is the units digit of n?
7
Suppose 5*q - 17 = 8. What is the units digit of q?
5
Let q(h) = -h**3 + 9*h**2 - 7*h. Let c be q(8). Let t = c - 4. What is the units digit of t?
4
Suppose -5*l - 706 = -2*q, -l = 4*q - 6*l - 1432. What is the tens digit of q?
6
Let a be 1/(-3 - 820/(-274)). Let w = -96 - a. Suppose 5*h - w = -4*t, 2*t = 2*h + 9 + 7. What is the units digit of t?
9
Let r = 14 - 8. What is the units digit of 6 - 3 - r - -13?
0
Suppose g + 2*f = 6, -g + 8 = -2*g + 5*f. Suppose -26 = -3*k - g. What is the units digit of k?
8
Let s(n) = -13*n - 2. Let q be s(10). What is the tens digit of 2/6 - q/9?
1
Let m be (-14)/(-6) + (-3)/9. Suppose -m*b + b - s + 4 = 0, 3*b = -s + 8. Suppose -b*p - 50 = -7*p - 4*h, -h = 4*p - 29. What is the units digit of p?
6
Suppose 0*w + 2*w - 14 = -3*f, -4*f = 4*w - 16. Let a be 94/(-4)*f/(-3). Suppose a = 5*y - 38. What is the tens digit of y?
1
Let w = 35 + 23. What is the units digit of w?
8
Let x(j) = 4*j - 3. Let v be x(6). Suppose -7*s - v = -3*g - 4*s, -4*g - 4*s = 12. Let w(i) = 3*i**3 - 2*i**2 - i - 2. What is the units digit of w(g)?
2
Let a be (-3)/(9/57) + 0. What is the units digit of -2*(-3)/((-6)/a)?
9
Suppose -2 = 3*p - 5. Let v be (2/(-4))/(p/(-22)). Let i = v + -4. What is the units digit of i?
7
Let l = 10 - 30. Let f = 21 + l. What is the units digit of f?
1
Suppose -5*t + 165 = -0*t. Let r be ((-4)/6)/((-2)/t). Let z = r + -8. What is the units digit of z?
3
Let a = 28 - -8. Let t = a - 17. What is the tens digit of t?
1
Let v(i) be the first derivative of i**2 - 5*i + 1. Let a be v(5). Suppose a*r - 40 = 3*r. What is the units digit of r?
0
Let h = 17 + -23. Let y(o) = -7*o + 8. What is the tens digit of y(h)?
5
Let u(s) = s**3 + 6*s**2 + 6*s - 3. Let f be u(-5). Let o be (-2 - f)/((-2)/(-9)). Suppose 3*j - o = 3*x, j + 5*x + 27 = 4*j. What is the units digit of j?
9
What is the tens digit of 4/(-1)*((-75)/20 + -2)?
2
Suppose -5*a = -3*a - 120. What is the tens digit of a?
6
Suppose -3 = -t + k, -k = -t + 2*k + 5. Suppose h + t = 0, -n + 13 + 14 = -3*h. Suppose -14 = -5*m + n. What is the units digit of m?
7
Suppose -2*w = -3*w + 2. What is the units digit of w?
2
Suppose 19 = -3*w + 4*w + 3*g, 5*w + g = 123. What is the units digit of w?
5
Suppose 5*o - 50 - 30 = 0. What is the tens digit of o?
1
Let f be 6/(-27) + (-182)/(-9). Suppose 3*i - 10 = f. What is the units digit of i?
0
Suppose 6*i = -3*i + 630. What is the units digit of i?
0
Suppose 3*q - 15 = 2*d, -q + 3*d - 6 = -6*q. What is the units digit of q?
3
Let n = -12 + 43. What is the units digit of n?
1
Let c(q) = -q**2 + 17*q - 17. What is the tens digit of c(12)?
4
Suppose 2*j - 117 = -3*n - 0*j, 3*j + 91 = 2*n. What is the units digit of n?
1
Suppose 8*j - 18 = 246. What is the tens digit of j?
3
Su